-4 - 7).
-30
What is the value of (4 - (7 - 24)) + -32?
-11
16 + -5 - -1 - 5
7
Calculate -2 + 27 + (-64 - -16).
-23
What is the value of 34 - 41 - (-1 + -4) - (-14 - -14)?
-2
What is (9 - ((18 - 17) + 22)) + (-4 - 1)?
-19
Evaluate 0 + (4 + -4 + -6 - -5).
-1
Calculate (-31 + 64 - 11) + (-4 - 4).
14
-1 + (16 - (43 + -36))
8
Calculate (-70 - (-75 - -9)) + (1 - 2) + 11.
6
What is the value of 39 - 34 - -4 - -20?
29
What is -7 - ((-18 - 5) + 12 - 21)?
25
What is the value of -2 - (-2 - (-3 + (-5 - (0 - 8))))?
0
Evaluate (12 - ((-1 - 6) + 11)) + -3 + 3.
8
What is (-8 - 6) + -108 + 132?
10
(6 - -8) + -19 + 11
6
What is the value of 9 + -18 - -8 - -9?
8
Evaluate 0 + -3 - (-1 - (-15 + 11)).
-6
What is 1 + 3 - (-14 - (-6 + -19) - -8)?
-15
Evaluate (-15 - -1 - (-11 - 4)) + -2 + 3.
2
-6 + -14 + 5 + 20 + 24
29
What is 14 + 13 + -13 - 6?
8
What is the value of (-11 - (19 + -2)) + 7?
-21
2 + 13 - (-15 + -42 + 67)
5
Evaluate (-54 - -57) + -1 + 4.
6
Evaluate 1 + (8 - 2) + -6 + 4 + 2.
7
What is 10 + -22 + 0 + 1?
-11
Evaluate (3 - ((7 - -7) + -7) - 6) + 4.
-6
Calculate 1 + -9 + 3 + -8 + 3 + 7.
-3
What is the value of 13 + 10 + -28 - (1 - 6)?
0
Calculate (0 - 14) + 151 + -136.
1
8 + 1994 + -1988 + (-1 - -1 - 23)
-9
What is 29 + (-8 - (-7 + (19 - (17 - 8))))?
18
Evaluate 8 + 22 + -30 + 24.
24
Evaluate 45 + -55 + 18 + 15.
23
5 - ((20 - 21) + 3 + 2)
1
What is the value of -1 - (-18 - (-31 - -24))?
10
What is the value of (50 + 50 - 81) + (-6 - (1 + 0))?
12
Evaluate 9 - (-25 + -21 + 44).
11
(309 + -299 - (-1 - -5)) + (-1 - -4)
9
What is the value of 11 + -25 + 15 - -1?
2
What is the value of -4 - (10 + (-10 - 5)) - 5?
-4
-2 - 18 - -25 - 11
-6
What is the value of 1 + -4 + (6 + -14 - -15)?
4
(33 - (-32 - -52)) + -31
-18
8 - (8 + (-13 - 12))
25
What is the value of 77 - 36 - 41 - (-11 - 0)?
11
Evaluate (6 - 5) + 4 - (78 - 76).
3
Evaluate -3 - (79 + -15) - -30.
-37
What is the value of -5 + 5 + 32 + -7?
25
What is the value of 1 + -3 + (2 - -2) - (8 - 2)?
-4
What is the value of (3 - (-12 - -2)) + -4 + 10?
19
(-6 - -20) + -14 + 8
8
Calculate -14 - -45 - (27 - 4).
8
13 + -3 + (-1 + 14 + -2 - 15)
6
Calculate 3 - (9 - -2) - (-1 + 0).
-7
What is 2 - (-8 + 10) - -8 - 7?
1
What is the value of -23 + 45 + -27 + -1 + -3?
-9
Calculate -13 + (6 - (-7 + 4 + -3)).
-1
What is 14 - -3 - (10 + -60 + 43)?
24
What is the value of (7 + 2 + (6 - 13) - 7) + 2?
-3
Evaluate -45 - -40 - (-14 + 5).
4
What is 5 + 9 + -8 + (-5 + 3 - -3)?
7
Calculate 7 + 2 + (-3 - (23 - 2)).
-15
Evaluate (1 - (1 + -2)) + -187 + 187.
2
What is 5 + 2 + -9 + 67 + -50?
15
Evaluate -1 - (14 - 5 - 3 - 10) - -8.
11
Calculate 0 + 3 - 0 - (31 - 33).
5
Calculate (-2 - -19) + 758 + -788.
-13
Calculate -1 + -1 - -1 - (6 + -5).
-2
Evaluate -23 + 4 + -15 + 29.
-5
What is the value of 8 + -29 + 26 + 1?
6
What is the value of (11 + -5 - 2) + -10?
-6
Evaluate -32 - ((6 - -6) + -4 - 9).
-31
What is -20 - (6 + 0 - (-6 - -5))?
-27
-449 + 438 + -10 + -1
-22
Calculate -25 + (-3 - -38) - (28 - 1).
-17
What is the value of 1 - (37 + -30 + 1 + 0 + -8)?
1
Calculate 4 - (-5 + 4 - -2).
3
Evaluate (-8 - (9 + (14 - 15))) + 19.
3
What is -17 + 5 + 35 - 16?
7
Evaluate -4 - (15 + -2 + 0 + (42 - 32)).
-27
Calculate -1 + (-4 - (-10 + 4)) + 1 + 1.
3
Calculate -217 + 216 - (6 - -1) - -1.
-7
Calculate (0 - -1) + (1 - -1) + 139 + -140.
2
What is -4 - (-7 + -31 - -32)?
2
-27 + 21 + 2 + -16
-20
Calculate 1 - (0 + 2 + -21 + 20) - -5.
5
What is the value of 4 + 0 - (15 + -4 + -5)?
-2
What is the value of -282 + 263 - (0 + -7)?
-12
(3 + 6 - 5) + -19 + (2 - -3)
-10
What is (18 - (-4 + 0 + 6)) + -5?
11
(-3 - -16 - 5) + 5 + 9
22
-809 - -808 - ((2 - 3) + 17)
-17
What is the value of -10 + 15 + 3 - -8 - (2 - 10)?
24
What is (-3 - 3) + (-4 - -2) + 10 + 2?
4
Evaluate (-26 - (-53 + 24)) + 1.
4
Calculate 14 - (-3 + 1 + 3 + 6 + -8).
15
Calculate 5 + -2 + 13 + (5 - (-16 - -19)).
18
-13 - (-14 - -4) - (47 - 37)
-13
What is (-190 - -171) + 2 + 2?
-15
What is the value of -12 + (10 - -4) + -10?
-8
Calculate -28 + 27 + (2 - (14 - -4) - -1).
-16
-3 + (-9 - (1 - (8 + -4)))
-9
What is the value of (2 - -8) + (-33 - (-26 + -19))?
22
3 + (-18 + -15 - -16) + 37
23
Evaluate 3 + -6 - (-57 - -39).
15
Calculate -1 + (26 - -36 - 39).
22
What is the value of 0 - (2 + -13 - (-46 - -54))?
19
Calculate 14 + (0 - 11) + (7 + -7 - -8).
11
Calculate (12 - 1) + (-19 - ((-34 - -17) + 4)).
5
What is the value of 1 + -4 - (-20 + 12) - (-7 + 1)?
11
What is -5 + ((-2 - -7) + -11 - -1)?
-10
-18 + 9 - (-60 - (-1 + 9 - 17))
42
What is the value of (-48 - -68) + -32 + -1 + -8?
-21
What is -3 + -2 - (-101 - -100)?
-4
What is the value of 15 + (35 - 2) + -26?
22
Evaluate -9 + 2 + 5 - (-1 - 3).
2
What is the value of 20 + -26 - -19 - -10?
23
What is (0 + (0 - 4 - 2) - -6) + -7?
-7
Calculate -23 + 41 + (7 - 26).
-1
(-26 - -16) + 10 + 4
4
What is 10 - ((3 - 0) + -9) - 3?
13
Evaluate 5 + 14 + 9 + -8 + -7 + 2.
15
What is 4 + (-11 - (-30 - -5))?
18
Calculate 4 + 10 + -59 + 40.
-5
What is 11 + -2 + -6 + 11 + -2 + -2?
10
15 + 5 + 4 + -17 - -9
16
What is the value of 19 - (6 - (-1 - -7)) - 10?
9
What is the value of -2 + -21 + (-7 - (-14 - -5)) + 3?
-18
Evaluate (-19 + 14 - 13) + 13.
-5
Calculate 10 + (-1 - 11) - 2 - -3 - 2.
-3
What is 5 + 1 - (12 + (-51 - -16) + 15)?
14
What is (3 - (11 + (9 + -9 - 11))) + -19?
-16
0 + -15 - (-235 + 224)
-4
-23 + -23 + 3 + 12 + 10
-21
What is the value of 18 - (0 + 28) - (-43 + 10)?
23
What is -3 - (-27 + 0 + 2 + -11 + 1)?
32
What is 7 - (-4 + (-9 - -32))?
-12
Evaluate 1 + 23 + 59 + -74.
9
Calculate 25 - (-4 - 1) - (-77 - -90).
17
What is -32 + (5 - 0 - (11 + -9))?
-29
Evaluate -18 - ((-8 - 2) + 19 - 27 - -10).
-10
What is the value of -18 - (-19 + 12 - -6)?
-17
What is -67 + 12 + 16 - -39?
0
What is 10 + (-7 - -3) + -3 + -23?
-20
What is -6 + (8 - (-2 - -8)) + -4 + -12?
-20
What is (21 - 16 - (27 + 2 + -6)) + 2?
-16
What is the value of 420 - 427 - (0 + -37)?
30
What is the value of (-23 - (-32 + -13)) + -43?
-21
What is 48 - 31 - 19 - 26?
-28
What is 1 + -2 + 2 + -18?
-17
(29 - (12 - 10) - 35) + -1 + 12
3
20 - 24 - 18 - -37
15
Calculate -1 + 21 + (4 - (0 + 10 + -9)).
23
What is the value of (1 + -4 - -3) + (6 - 3 - -2)?
5
Calculate -1 - (-1 + 1 + -36 + (13 - -10)).
12
(5 - (4 + 2) - 7) + 10
2
9 + -1 - (-6 - -5 - -1)
8
Evaluate (1 + -21 - (6 + -21)) + 28.
23
What is 48 + (-21 - (37 + -37))?
27
Evaluate -13 + 18 - 35 - -21.
-9
What is (-293 - -307) + -2 + 1?
13
What is -20 + -2 + -9 + -1 + 6 + 5?
-21
What is the value of -1 + -4 + 0 + (1114 - 1113)?
-4
Calculate 29 + -4 + -66 + 17.
-24
Calculate 2 - 4 - (-701 - -682).
17
What is the value of 1 + (4 - -1) - (-10 + 14 - -1)?
1
Evaluate -40 + (-18 - -11) + 27.
-20
What is 15 + -4 + 6 + 24 + -22?
19
(-21 - -29) + (-2 - 13) - -9
2
Calculate 0 - 0 - (10 + -7) - 3 - -4.
-2
What is the value of 10 + -5 + -18 + 1?
-12
What is (-10 - 7 - -16) + 11?
10
Evaluate -1 + -12 - -24 - (-2 + 1).
12
What is -2 - (1 + 21) - (4 + -50 + 48)?
-26
What is the value of (2 - (1 - 15 - -19)) + 37?
34
-32 + 51 + -29 + 12
2
Evaluate -8 - (1 + (6 - 7) + -13) - 6.
-1
What is the value of 11 - (-2 - -4) - (16 - (21 + -19))?
-5
Evaluate 18 + 21 + -2 + -16.
21
What is the value of 28 + (-19 - -2) - 15?
-4
Evaluate (-1 - 1) + 3 + (3 - -6 - 13).
-3
What is -2 + 20 + (7 - (-3 + 10 - -5))?
13
Evaluate 25 + 12 + 6 + -17.
26
-11 + 4 - (-9 + (-16 - -8))
10
Calculate -13 + 6 - 13 - -12 - (1 - 22).
13
Calculate (-10 - (3 + -9)) + 0.
-4
Evaluate -13 - (-1 + -5) - (1 + -11) - -13.
16
Calculate 42 - ((-16 - -79) + 7).
-28
What is the value of (1 + -7 - 1) + 0 - 2 - -5?
-4
Evaluate 70 - 54 - ((-2 - 0) + 8).
10
What is (4 + (-6 - 3) - -1) + -7?
-11
Evaluate (-9 - -7 - 10) + 12 + -13 + -5.
-18
What is the value of -41 + (28 - 1) + -6?
-20
Evaluate -5 - (7 - -1 - (5 + -6)).
-14
Calculate 5 - (3 + -8 - -10) - (3 + -23).
20
Calculate -6 - -50 - (49 - 28).
23
What is the value of (-19 - -3) + 10 + -9 + 7?
-8
Calculate (-72 - -48) + 3 + 8.
-13
-4 + -1 - (-92 - -71)
16
11 + (-8 - 0) + -9 - 16
-22
11 + 0 - (17 + 3 + -22)
13
5 + -7 + 8 + -10 + 12
8
Calculate (13 + 1 - 5) + (-5 - 0) + -17.
-13
(7 - (-2 + 3)) + (-25 - -12 - -12)
5
What is 7 + -10 + -1 + -8?
-12
-50 + 44 + (3 - 7)
-10
What is 35 + -20 + -21 - -6 - (-1 - -28)?
-27
What is the value of -18 - (24 + (-2 + 10 - 28))?
-